{"id":70,"date":"2017-10-14T18:07:45","date_gmt":"2017-10-14T16:07:45","guid":{"rendered":"http:\/\/pheno-therapeute.fr\/?page_id=70"},"modified":"2020-04-09T23:21:29","modified_gmt":"2020-04-09T21:21:29","slug":"deroule-dune-seance","status":"publish","type":"page","link":"https:\/\/pheno-therapeute.fr\/?page_id=70","title":{"rendered":"S\u00e9ances individuelles"},"content":{"rendered":"<p>La s\u00e9ance ( 60 minutes) se d\u00e9roule en t\u00eate \u00e0 t\u00eate, en cabinet ou via skype.<\/p>\n<h1><strong>S\u00e9ance individuelle de th\u00e9rapie\u00a0<\/strong><strong>:<\/strong><\/h1>\n<p style=\"text-align: left;\"><img loading=\"lazy\" class=\"size-medium wp-image-186 alignleft\" src=\"http:\/\/pheno-therapeute.fr\/wp-content\/uploads\/2017\/10\/creative-2801970_1920-300x225.jpg\" alt=\"\" width=\"300\" height=\"225\" srcset=\"https:\/\/pheno-therapeute.fr\/wp-content\/uploads\/2017\/10\/creative-2801970_1920-300x225.jpg 300w, https:\/\/pheno-therapeute.fr\/wp-content\/uploads\/2017\/10\/creative-2801970_1920-768x576.jpg 768w, https:\/\/pheno-therapeute.fr\/wp-content\/uploads\/2017\/10\/creative-2801970_1920-1024x768.jpg 1024w, https:\/\/pheno-therapeute.fr\/wp-content\/uploads\/2017\/10\/creative-2801970_1920.jpg 1920w\" sizes=\"(max-width: 300px) 100vw, 300px\" \/>Pour acc\u00e9der \u00e0 sa <strong>lumi\u00e8re<\/strong>, il ne faut pas h\u00e9siter \u00e0 aller \u00e0 la rencontre de ses <strong>ombres<\/strong>.<\/p>\n<p style=\"text-align: left;\">Je vous offre une \u00e9coute attentive et une pr\u00e9sence \u00e9nerg\u00e9tique afin de vous permettre de d\u00e9poser en toute s\u00e9curit\u00e9 vos \u00e9motions, vos questionnements, vos difficult\u00e9s pour qu&rsquo;ils ne soient plus un frein \u00e0 votre \u00e9volution.<\/p>\n<p style=\"text-align: left;\">Au fil des s\u00e9ances, vous vous apprivoisez \u00e0 ouvrir et agrandir votre fen\u00eatre de tol\u00e9rance, vous permettant ainsi d&rsquo;acc\u00e9der plus profond\u00e9ment \u00e0 votre monde int\u00e9rieur.<\/p>\n<p style=\"text-align: left;\">Je vous aide \u00e0 trouver l&rsquo;\u00e9lan et la force dont vous aurez besoin dans tous les grands passages de votre vie : s\u00e9paration, deuil, perte ou d\u00e9sir de changement&#8230;<\/p>\n<p style=\"text-align: left;\">Je vous accompagne activement dans la d\u00e9couverte de votre cr\u00e9ativit\u00e9, vos envies, vos r\u00eaves : <strong>votre singularit\u00e9<\/strong>.<\/p>\n<h1><strong>S\u00e9ance individuelle pour les artistes : <a href=\"http:\/\/karinemarchi.fr\/index.php\/coaching\/\">CREA&rsquo;MUSE<\/a><\/strong><\/h1>\n<p><img loading=\"lazy\" class=\"size-medium wp-image-185 alignleft\" src=\"http:\/\/pheno-therapeute.fr\/wp-content\/uploads\/2017\/10\/graffiti-3273884_1920-225x300.jpg\" alt=\"\" width=\"225\" height=\"300\" srcset=\"https:\/\/pheno-therapeute.fr\/wp-content\/uploads\/2017\/10\/graffiti-3273884_1920-225x300.jpg 225w, https:\/\/pheno-therapeute.fr\/wp-content\/uploads\/2017\/10\/graffiti-3273884_1920-768x1024.jpg 768w, https:\/\/pheno-therapeute.fr\/wp-content\/uploads\/2017\/10\/graffiti-3273884_1920.jpg 1440w\" sizes=\"(max-width: 225px) 100vw, 225px\" \/>Le sentiment d&rsquo;\u00eatre jug\u00e9 ou incompris est r\u00e9current chez les artistes. Je l&rsquo;ai moi-m\u00eame \u00e9prouv\u00e9 plus d&rsquo;une fois. L&rsquo;entourage, la soci\u00e9t\u00e9, les arch\u00e9types nous rappellent r\u00e9guli\u00e8rement notre \u00ab\u00a0diff\u00e9rence\u00a0\u00bb.<\/p>\n<p>En tapant sur la toile \u00ab\u00a0synonyme d&rsquo;artiste\u00a0\u00bb voil\u00e0 les perles que j&rsquo;ai trouv\u00e9es:<\/p>\n<p><em>Asocial , boh\u00e8me, instable, sans-soucis, marginal<\/em>&#8230;<\/p>\n<p>Les clich\u00e9s ont la dent dure, n&rsquo;est-ce pas?<\/p>\n<p>Le seul synonyme d&rsquo;artiste qui m&rsquo;int\u00e9resse est : <strong>CREATEUR<\/strong>.<\/p>\n<p>C&rsquo;est pourquoi j&rsquo;offre un accompagnement <strong>sp\u00e9cifique<\/strong> pour les artistes professionnels et amateurs dans les probl\u00e9matiques qu&rsquo;ils rencontrent dans leur cr\u00e9ation et leur vie d&rsquo;artiste.<\/p>\n<p>L\u2019acte cr\u00e9ateur \u00e9tant un challenge, je vous propose un accompagnement <strong>sur mesure<\/strong> afin de vous permettre de lib\u00e9rer votre cr\u00e9ativit\u00e9 autrement que dans la souffrance et la solitude.<\/p>\n<p>Je propose mon exp\u00e9rience et mon savoir faire au profit de <strong>votre\u00a0<\/strong>projet en vous aidant \u00e0 r\u00e9v\u00e9ler et illuminer votre<strong> singularit\u00e9<\/strong>. Tout le travail est fait dans le respect de <strong>vos envies et vos r\u00eaves<\/strong>. Je suis l\u00e0 pour vous tendre une main bienveillante et vous aider \u00e0 traverser les diff\u00e9rents passages vers la r\u00e9alisation de vos projets ou de votre vie.<\/p>\n<p class=\"Corps\">\n","protected":false},"excerpt":{"rendered":"<p>La s\u00e9ance ( 60 minutes) se d\u00e9roule en t\u00eate \u00e0 t\u00eate, en cabinet ou via skype. S\u00e9ance individuelle de th\u00e9rapie\u00a0: Pour acc\u00e9der \u00e0 sa lumi\u00e8re, il ne faut pas h\u00e9siter \u00e0 aller \u00e0 la rencontre de ses ombres. Je vous offre une \u00e9coute attentive et une pr\u00e9sence \u00e9nerg\u00e9tique afin de vous permettre de d\u00e9poser en &hellip; <\/p>\n<p class=\"link-more\"><a href=\"https:\/\/pheno-therapeute.fr\/?page_id=70\" class=\"more-link\">Continuer la lecture<span class=\"screen-reader-text\"> de &laquo;&nbsp;S\u00e9ances individuelles&nbsp;&raquo;<\/span><\/a><\/p>\n","protected":false},"author":1,"featured_media":0,"parent":0,"menu_order":0,"comment_status":"closed","ping_status":"closed","template":"","meta":[],"_links":{"self":[{"href":"https:\/\/pheno-therapeute.fr\/index.php?rest_route=\/wp\/v2\/pages\/70"}],"collection":[{"href":"https:\/\/pheno-therapeute.fr\/index.php?rest_route=\/wp\/v2\/pages"}],"about":[{"href":"https:\/\/pheno-therapeute.fr\/index.php?rest_route=\/wp\/v2\/types\/page"}],"author":[{"embeddable":true,"href":"https:\/\/pheno-therapeute.fr\/index.php?rest_route=\/wp\/v2\/users\/1"}],"replies":[{"embeddable":true,"href":"https:\/\/pheno-therapeute.fr\/index.php?rest_route=%2Fwp%2Fv2%2Fcomments&post=70"}],"version-history":[{"count":23,"href":"https:\/\/pheno-therapeute.fr\/index.php?rest_route=\/wp\/v2\/pages\/70\/revisions"}],"predecessor-version":[{"id":308,"href":"https:\/\/pheno-therapeute.fr\/index.php?rest_route=\/wp\/v2\/pages\/70\/revisions\/308"}],"wp:attachment":[{"href":"https:\/\/pheno-therapeute.fr\/index.php?rest_route=%2Fwp%2Fv2%2Fmedia&parent=70"}],"curies":[{"name":"wp","href":"https:\/\/api.w.org\/{rel}","templated":true}]}}

Séances individuelles

<p>La séance ( 60 minutes) se déroule en tête à tête, en cabinet ou via skype.</p>
<h1><strong>Séance individuelle de thérapie </strong><strong>:</strong></h1>
<p style="text-align: left;"><img loading="lazy" class="size-medium wp-image-186 alignleft" src="http://pheno-therapeute.fr/wp-content/uploads/2017/10/creative-2801970_1920-300x225.jpg" alt="" width="300" height="225" srcset="https://pheno-therapeute.fr/wp-content/uploads/2017/10/creative-2801970_1920-300x225.jpg 300w, https://pheno-therapeute.fr/wp-content/uploads/2017/10/creative-2801970_1920-768x576.jpg 768w, https://pheno-therapeute.fr/wp-content/uploads/2017/10/creative-2801970_1920-1024x768.jpg 1024w, https://pheno-therapeute.fr/wp-content/uploads/2017/10/creative-2801970_1920.jpg 1920w" sizes="(max-width: 300px) 100vw, 300px" />Pour accéder à sa <strong>lumière</strong>, il ne faut pas hésiter à aller à la rencontre de ses <strong>ombres</strong>.</p>
<p style="text-align: left;">Je vous offre une écoute attentive et une présence énergétique afin de vous permettre de déposer en toute sécurité vos émotions, vos questionnements, vos difficultés pour qu&rsquo;ils ne soient plus un frein à votre évolution.</p>
<p style="text-align: left;">Au fil des séances, vous vous apprivoisez à ouvrir et agrandir votre fenêtre de tolérance, vous permettant ainsi d&rsquo;accéder plus profondément à votre monde intérieur.</p>
<p style="text-align: left;">Je vous aide à trouver l&rsquo;élan et la force dont vous aurez besoin dans tous les grands passages de votre vie : séparation, deuil, perte ou désir de changement&#8230;</p>
<p style="text-align: left;">Je vous accompagne activement dans la découverte de votre créativité, vos envies, vos rêves : <strong>votre singularité</strong>.</p>
<h1><strong>Séance individuelle pour les artistes : <a href="http://karinemarchi.fr/index.php/coaching/">CREA&rsquo;MUSE</a></strong></h1>
<p><img loading="lazy" class="size-medium wp-image-185 alignleft" src="http://pheno-therapeute.fr/wp-content/uploads/2017/10/graffiti-3273884_1920-225x300.jpg" alt="" width="225" height="300" srcset="https://pheno-therapeute.fr/wp-content/uploads/2017/10/graffiti-3273884_1920-225x300.jpg 225w, https://pheno-therapeute.fr/wp-content/uploads/2017/10/graffiti-3273884_1920-768x1024.jpg 768w, https://pheno-therapeute.fr/wp-content/uploads/2017/10/graffiti-3273884_1920.jpg 1440w" sizes="(max-width: 225px) 100vw, 225px" />Le sentiment d&rsquo;être jugé ou incompris est récurrent chez les artistes. Je l&rsquo;ai moi-même éprouvé plus d&rsquo;une fois. L&rsquo;entourage, la société, les archétypes nous rappellent régulièrement notre « différence ».</p>
<p>En tapant sur la toile « synonyme d&rsquo;artiste » voilà les perles que j&rsquo;ai trouvées:</p>
<p><em>Asocial , bohème, instable, sans-soucis, marginal</em>&#8230;</p>
<p>Les clichés ont la dent dure, n&rsquo;est-ce pas?</p>
<p>Le seul synonyme d&rsquo;artiste qui m&rsquo;intéresse est : <strong>CREATEUR</strong>.</p>
<p>C&rsquo;est pourquoi j&rsquo;offre un accompagnement <strong>spécifique</strong> pour les artistes professionnels et amateurs dans les problématiques qu&rsquo;ils rencontrent dans leur création et leur vie d&rsquo;artiste.</p>
<p>L’acte créateur étant un challenge, je vous propose un accompagnement <strong>sur mesure</strong> afin de vous permettre de libérer votre créativité autrement que dans la souffrance et la solitude.</p>
<p>Je propose mon expérience et mon savoir faire au profit de <strong>votre </strong>projet en vous aidant à révéler et illuminer votre<strong> singularité</strong>. Tout le travail est fait dans le respect de <strong>vos envies et vos rêves</strong>. Je suis là pour vous tendre une main bienveillante et vous aider à traverser les différents passages vers la réalisation de vos projets ou de votre vie.</p>
<p class="Corps">

<p>La séance ( 60 minutes) se déroule en tête à tête, en cabinet ou via skype. Séance individuelle de thérapie : Pour accéder à sa lumière, il ne faut pas hésiter à aller à la rencontre de ses ombres. Je vous offre une écoute attentive et une présence énergétique afin de vous permettre de déposer en &hellip; </p>
<p class="link-more"><a href="https://pheno-therapeute.fr/?page_id=70" class="more-link">Continuer la lecture<span class="screen-reader-text"> de &laquo;&nbsp;Séances individuelles&nbsp;&raquo;</span></a></p>
